*w. Let m = w + -16. What is the remainder when m is divided by 6?
4
Let q(f) = -61*f - 10. Suppose 22 = 3*b + 1. Let z(r) = 20*r + 3. Let c(m) = b*z(m) + 2*q(m). What is the remainder when c(2) is divided by 13?
11
Let k = -12 - -20. Suppose 4*h = 14 + 6. Suppose 0 = 4*y + h*f - 3*f - 100, 5*f = 20. What is the remainder when y is divided by k?
7
Let t = 172 - 95. Calculate the remainder when t is divided by 6.
5
Let r(k) = k**2 + 11*k + 18. What is the remainder when r(-10) is divided by 6?
2
Suppose -3*k = k - 24. Suppose 6*r - 3*r - k = 0. Suppose -3*f = 4*x - 18 - 14, 36 = 4*f + 4*x. Calculate the remainder when f is divided by r.
0
Suppose 5*d + 2*i - 156 = 0, 3*d = -i + 15 + 79. Calculate the remainder when 65 is divided by d.
1
Let n(x) = 11 + x + 0*x - 5*x**3 + 0 + 4*x**3. Calculate the remainder when n(0) is divided by 6.
5
Suppose -3*v - 34 = -4*v. Suppose 31 = 4*n - 17. Calculate the remainder when v is divided by n.
10
Let b = 43 - 28. Calculate the remainder when 25 is divided by 56/20*b/6.
4
Let h = -73 - -78. Suppose 4 = 2*r, 0*a - 3*a + 3*r + 21 = 0. What is the remainder when a is divided by h?
4
Let d(o) = o**2 - 4*o. Let j be d(7). Let w = -4 + j. What is the remainder when w is divided by 9?
8
Let q(v) = -v - 6. Suppose 30 = 2*h - 5*h. Calculate the remainder when 10 is divided by q(h).
2
Calculate the remainder when 84 is divided by 17 + -1 - (2 - 1 - 2).
16
Let x(y) = -y**3 - 13*y**2 - 4*y. Let m be x(-13). Suppose -m = r - 5*r. Calculate the remainder when 37 is divided by r.
11
Let o(p) = -2*p + 7. Suppose 5*c = -2*s - 0*c + 93, -2*c = -4*s + 150. Calculate the remainder when s is divided by o(-7).
18
Suppose 3*h = 8 + 10. Let s(i) = i**3 - 5*i**2 - 2*i - 6. Calculate the remainder when 34 is divided by s(h).
16
Let v(k) = 34*k**2 - 2*k + 1. Let y be v(1). Let g = y + -15. Suppose -4*w = -38 - g. What is the remainder when 26 is divided by w?
12
Let d(y) = y**2 + 3*y - 5. What is the remainder when d(7) is divided by 17?
14
Suppose 0 = 5*c - 8 - 2. Suppose -w - 135 = 2*j - 7*j, -c*j + 46 = -2*w. Calculate the remainder when j is divided by 10.
8
Let o(v) = -v + 49. Suppose -4*y = -y. Let w(d) = -d**2 + 10*d - 8. What is the remainder when o(y) is divided by w(7)?
10
Suppose -2*d + 5*d = 33. Suppose -r + 0*r = 0. Suppose 20 = -r*s + s. What is the remainder when s is divided by d?
9
Suppose 287 = 5*o + 87. Suppose -4*a = -0*a - o. What is the remainder when 28 is divided by a?
8
Let p = -1 + 8. Calculate the remainder when 19 is divided by p.
5
Suppose 2*t = -0*t - 14. Let q = 14 + t. What is the remainder when 26 is divided by q?
5
Suppose -2*b + 7*b - 135 = 0. What is the remainder when b is divided by 10?
7
Let k be (-1 + 0)*(-2)/1. Suppose -2 = k*h - 5*s, s + s - 8 = -h. Suppose 2*l - 4*m - 4 = 0, -l - 4*m = -4 + 2. Calculate the remainder when h is divided by l.
0
Let b(o) = 5*o - 17. Calculate the remainder when 64 is divided by b(8).
18
Let i(g) = -g**3 - 6*g**2 - 4*g + 4. Let k be i(-5). Suppose -7 = 2*s - 23. What is the remainder when s is divided by (-5)/(1*(-2 - k))?
3
Let g(y) = 75*y**2 + 2*y - 1. Calculate the remainder when g(1) is divided by 13.
11
Let f be (90/(-4))/((-3)/4). Let q = f - 13. What is the remainder when q is divided by 9?
8
Suppose -679 = -6*w - w. Calculate the remainder when w is divided by 25.
22
Let f(r) = r**2 + r - 4. Let l be f(5). Suppose 0 = -5*p - 10, 2*p - l = -3*d - 0*d. What is the remainder when (-2)/(-7) - (-776)/28 is divided by d?
8
Suppose m - 5 = -m - k, -k + 5 = -3*m. Let y be 3 + -5 + m + 1. Let v(i) = -4*i + 1. What is the remainder when v(y) is divided by 2?
1
Let q = -43 - -88. Let l = 12 + 4. Calculate the remainder when q is divided by l.
13
Let j = -83 - -95. What is the remainder when 94 is divided by j?
10
Let s = 10 - -3. What is the remainder when (6 - -40) + 4*1 is divided by s?
11
Suppose 3 = y - 0. Suppose 5*q = y*b - 27, -3 + 12 = 3*b + q. Calculate the remainder when 6 is divided by b.
2
Let k(c) = c**3 + c**2 - 33*c + 7. Suppose -3*f - 45 = -8*f. Calculate the remainder when k(-6) is divided by f.
7
Let w be (0 - -1)*(-2 + -1). Suppose -2*g - 16 = -3*g. What is the remainder when g is divided by (-9)/(3*w/6)?
4
Let h(y) = y + 85. Let t be h(0). Let q(i) = -i**2 + i - 4. Let f be q(-7). Let p = t + f. Calculate the remainder when p is divided by 13.
12
Calculate the remainder when 23 is divided by (13 - (2 - 4)) + -3.
11
What is the remainder when 7 is divided by 7 + 5 + (-21)/3?
2
Suppose 0 = 4*j + 4*n - 3*n - 2, -3*j + 13 = -5*n. Suppose -w + 170 = 4*w. What is the remainder when w is divided by (-1 - j - -2) + 12?
10
Let q(o) = 3*o + 2. Let p be q(5). Let h = p - 9. What is the remainder when h is divided by 3?
2
What is the remainder when 1 + (-2 - -40) - 2 is divided by 19?
18
Let z(y) = 6*y + 2. Calculate the remainder when z(12) is divided by 19.
17
Let w(i) = 3*i + 10. Calculate the remainder when 2 is divided by w(-3).
0
Suppose 4*d = -0*d + 16. Suppose -d*k - k + 15 = 0. What is the remainder when 10 is divided by k?
1
Suppose 0 = -5*z + 4*y + 103, z + 0*y = -3*y + 13. Let x = -39 + 74. Suppose -6*c + x = -c. Calculate the remainder when z is divided by c.
5
Let t = -3 - 0. Let n = t + 40. Suppose o - 3*y - n = y, 3*o - 2*y - 81 = 0. What is the remainder when o is divided by 9?
7
Suppose -n - 4*a = 7, 2*a + 2*a - 20 = -4*n. Suppose 40 = 3*k + 5*b, -5 = 4*k - n*b + 4*b. What is the remainder when 7 is divided by k?
2
Let n(l) = l**3 + 4*l**2 - l + 5. Let g(i) = -i**2 - 9*i - 5. Let v be g(-9). Let d be n(v). What is the remainder when 23 is divided by (-10)/d - 34/(-3)?
11
Let l = 14 - 4. Calculate the remainder when 19 is divided by l.
9
Calculate the remainder when (-8)/(-4) + -3 + 56 is divided by 14.
13
Let a(s) = -6*s - 8. Let w = 2 + -4. What is the remainder when a(-6) is divided by 0 + 11 + w - -1?
8
Suppose -4*n = -n - 6. Suppose 3*x = 3*a + 20 + 10, -x - 4*a = 15. What is the remainder when 0/((-2)/n) + 13 is divided by x?
3
Suppose f + 3*f + 3*t = 37, 2*f - 5 = 3*t. Suppose 3*m + o + 3*o = 53, 52 = 3*m + 5*o. What is the remainder when m is divided by f?
5
Suppose 5*j - 144 = 16. Let d = j - 14. Let f(r) = 3*r - 5. Calculate the remainder when d is divided by f(5).
8
Let t(d) = -d**2 - 3*d. Let c be t(-3). Suppose -23 = -l + 2. Let q = c + l. What is the remainder when q is divided by 9?
7
Let k = -5 - -10. What is the remainder when 19 is divided by k?
4
Suppose 0 = -2*a + 3*k + 18, 4*a = 3*a - 5*k + 35. What is the remainder when a is divided by 2?
1
Let a = -4 - -22. Let b(o) = 4*o**2 - 4*o + 2. Let h = 2 + 0. What is the remainder when a is divided by b(h)?
8
Suppose 54 = -u + 4*u. Suppose 0 = 2*p - u - 12. Calculate the remainder when 59 is divided by p.
14
Suppose 0 = 2*y - v - 17, 2*y + 3*v + v = 32. Let l be (-2 + 16/y)*-35. Suppose 0*k = -2*k, 2*b + 3*k = l. What is the remainder when 20 is divided by b?
6
Let o(d) = d**3 + 9 - 10*d**2 + 2*d - 4*d + 7 - 2. Let t be o(10). Let v(f) = f**3 + 5*f**2 - 9*f - 5. Calculate the remainder when 51 is divided by v(t).
12
Let w(h) = h**2 + 12*h + 14. Let s be w(-8). Let t = s - -52. Calculate the remainder when t is divided by 9.
7
Suppose -2*b = -5 + 1. Suppose -b*l = -4*l. Suppose l = -2*v - v + 42. Calculate the remainder when 27 is divided by v.
13
Suppose -5*x = 5, 2*k = -2*k + 4*x + 68. Suppose -11*o + 6*o = -155. What is the remainder when o is divided by k?
15
Suppose 0 = -4*a + 5 + 3. Let t be (a/6)/(2/18). Suppose -2*j - 5*q = 2*j - 149, 2*j + t*q = 73. Calculate the remainder when j is divided by 14.
13
Let y(i) = -i**2 - 10*i + 2. Let l be 34/10 + 8/(-20). Suppose -3*k + 2*c + 40 = 0, -l*k - 5*c + 10 = -c. Calculate the remainder when y(-8) is divided by k.
8
Let d = 91 - 71. What is the remainder when 69 is divided by d?
9
Let p(h) = -4*h + 1. Let u be p(1). Let a be (1 - 4)*(5 - 4). Calculate the remainder when 9 - 1/(u/a) is divided by 3.
2
Suppose 3*g - 4 = 2*g. Suppose -3*z = g - 13. What is the remainder when z is divided by 1?
0
Suppose -i - 2*i = -33. Suppose -3*u + 190 = 7*u. Calculate the remainder when u is divided by i.
8
Let z(n) = -n**3 + 13*n**2 - 10*n - 6. What is the remainder when 35 is divided by z(12)?
17
Let h = 39 + 0. Calculate the remainder whe